5*y**3 - 4 + 8*y + 1 - 2 - y**2. Let l be 2/4*(-1 - -1). Give t(l).
-5
Let x(h) = 2*h**2 + 6*h + 6. Suppose u - 2*u = 30. Let c = 26 + u. What is x(c)?
14
Suppose 2*f + 0*f - 5*u = 8, 4*f + 3*u + 10 = 0. Let i(a) = 7*a**3 + 3*a**2 + 4*a + 2. Calculate i(f).
-6
Let c(d) be the third derivative of -d**5/60 - 5*d**4/24 + d**3 + 5*d**2. Let p = -181 - -176. Calculate c(p).
6
Let i(d) = d**3 + 2*d**2 - 2*d + 1. Let x be 1 + -3 + (-2)/(20/(-30)). Determine i(x).
2
Let b(a) = -a**2 + 2*a + 3. Let p = -7 - -11. Let r be 1 - -4 - (p - 1). Suppose -2*i + r = -4. Calculate b(i).
0
Let g = -115 + 194. Let z = g - 75. Let k(o) = 7*o - 6. Determine k(z).
22
Suppose -7 + 2 = -5*h. Let a(z) = -z**2 + 1. Let w(s) = -s**3 + s**2 - 3*s + 1. Let v be (-3 - -1)*(-3 + 5). Let i(l) = h*w(l) + v*a(l). Determine i(4).
1
Let a be (-2)/((-36)/77 - 8/(-44)). Let f(o) = 2*o**3 + 9*o**2 + 11*o. Let r(d) = 3*d**3 + 10*d**2 + 12*d + 1. Let k(h) = 4*f(h) - 3*r(h). Give k(a).
4
Let f be (-1 - -1 - -1)*-7. Let l(m) = 3 - 34*m + 0 - 25*m - m**3 + 52*m + 0*m**2 - 8*m**2. What is l(f)?
3
Let v(f) = -3*f**2 + 2*f + 1. Suppose 5*h - 3*p + 17 = 0, -2*h - 6*p + 5*p + 2 = 0. Give v(h).
-4
Let m(d) = -d - 3. Let c(n) = -n**2 - 4*n - 15. Let x(j) = -c(j) + 5*m(j). Calculate x(-5).
30
Let f(w) = -2 + 6 - w**2 + 8*w + 14*w - 29*w - 1. Give f(-8).
-5
Suppose 4*y + 3*x - 2 - 13 = 0, 2*x + 4 = 2*y. Suppose 6 = 4*t - o - 19, 4*o = y*t - 9. Let j(n) = -4*n + n**2 - t*n**3 + 10*n - 5*n. Determine j(-1).
7
Suppose -h - 2*l = -11, 0 = -l + 1 + 3. Let x(a) be the second derivative of 0 + 1/2*a**2 + 1/12*a**4 + 4*a - 1/6*a**h. Give x(0).
1
Let o(i) = -4*i - 5. Let u(z) be the third derivative of 0*z + 2/3*z**3 + 5/24*z**4 + 5*z**2 + 0. Let p(f) = -4*o(f) - 3*u(f). What is p(-6)?
2
Let w be ((-18)/4)/(9*11/(-132)). Let u(a) = -a. Let s(v) = -6*v + 1. Let z(h) = s(h) - 5*u(h). Determine z(w).
-5
Let m = -8 + 13. Let z(a) = a**3 - 9*a**2 - a + 11. Let s be z(9). Let h(k) = 3*k**s - 2 - 3 - 1 - 2*k**2 - 3*k. Determine h(m).
4
Let h(j) = -4*j**3 - 22*j**2 - 12*j + 10. Let x(a) = -a - 5*a**2 + 20*a**2 + 9*a - 5 + 3*a**3 - 2. Let k(f) = -5*h(f) - 7*x(f). Let s = 45 - 39. Calculate k(s).
-13
Let g(j) = 23*j + 1. Suppose -20 = -5*t - 5*m, 2*t - 2*m = t - 11. What is g(t)?
-22
Let g(i) be the third derivative of 23*i**4/24 + i**3/6 + 54*i**2 - i. What is g(-1)?
-22
Suppose 17 = -5*y + p - 28, -9 = y + 3*p. Let c(l) = -6 - 2*l**2 - 57*l**3 + 12*l**2 + 58*l**3 - 2 + 8*l. Calculate c(y).
1
Let f = 1092 + -1087. Let g(l) be the second derivative of -f*l + 0 - 1/3*l**3 - 3/2*l**2. Calculate g(6).
-15
Let d(n) = 2*n + 2. Let r(s) = s + 4. Let g(v) = -d(v) + 3*r(v). Give g(-7).
3
Let v be (14/(-6) + 3)*6. Let x(t) = t. Let g(k) = -8*k + 3. Let p(o) = -g(o) - 6*x(o). Calculate p(v).
5
Suppose -83 = -15*a - 113. Let q(r) = -r + 5. What is q(a)?
7
Let i(t) = -t**2 + t + 4. Let u = -165 - -165. Calculate i(u).
4
Let a(l) = 0*l**2 - l + 0*l + 3*l - 23 - 7*l**3 + 13*l**2 + 6*l**3. What is a(13)?
3
Let o(m) be the second derivative of m**5/4 + m**4/6 + m**3/3 + m**2 + 368*m. Determine o(-2).
-34
Let p(a) be the first derivative of -a**6/120 + 7*a**5/60 - a**4/24 + 4*a**3/3 - 5*a**2 + 24. Let k(s) be the second derivative of p(s). Give k(7).
1
Let j(m) = -3*m - 1. Let y be (-4)/(3 - 0 - 5). Suppose -y = -2*g + 2. Let k be (0 + g)*1 - 6. Determine j(k).
11
Suppose 0 = -5*m + 2*t + 35, 0*t - 20 = -2*m + 2*t. Let w(r) be the first derivative of -r**4/4 + 4*r**3/3 + r**2 + 7*r + 3. What is w(m)?
-8
Suppose -110 = 7*d - 75. Let m(h) = -h**2 - 10*h - 6. Determine m(d).
19
Suppose 3*s + 20*s + 20*s = 0. Let i(l) = 5*l - 6. Let z(b) = -6*b + 6. Let a(g) = -g**2 - 5*g + 1. Let d be a(-6). Let t(p) = d*i(p) - 4*z(p). What is t(s)?
6
Let q = 44 + -38. Let c(h) be the first derivative of -h**4/12 + 7*h**3/6 + h**2 - 2*h + 2. Let r(o) be the first derivative of c(o). Give r(q).
8
Suppose 4*k - 99 = -83. Let x(m) = m - 5. What is x(k)?
-1
Let o(j) = j**2 + 6*j - 14. Let k be (-4 - -25)*(-4)/12. Give o(k).
-7
Let n(s) be the first derivative of -s - 7/2*s**2 - 3. Let f be 1 - (4 - 0) - (2 - 6). Give n(f).
-8
Let m(x) = x**3 + 6*x**2 + 7*x + 5. Suppose 0 = -36*k + 11*k - 125. Determine m(k).
-5
Let u(d) = 2*d**2 - 25*d - 3. Let k(n) = -n + 34. Let r be k(22). Calculate u(r).
-15
Let q(n) be the third derivative of -n**4/6 + n**3/2 + 14*n**2 + n. Determine q(2).
-5
Suppose 2*q = w - 8, w + 2*w + 3*q - 60 = 0. Suppose -3*s + w = 4*l, -l + 8 = l. Let n(v) = 14*v + 10*v - 1 - 25*v. Calculate n(s).
-1
Let u(z) be the second derivative of -z**4/12 - 5*z**3/6 + 3*z**2/2 - z. Let o(n) = -n**2 + 13*n - 9. Let c be o(16). Let a = 52 + c. Determine u(a).
3
Let y(d) = -6*d + 103. Suppose -10*q + 86 = -74. What is y(q)?
7
Let r(w) be the third derivative of -w**6/120 + w**5/20 + w**4/8 + 3*w**3/2 + 50*w**2. Calculate r(4).
5
Let z = -92 - -132. Let f(b) = 22*b - z*b + 17*b. Let q be (2 + -4)/(1 + 0). Calculate f(q).
2
Suppose -4*s = -l + 2, -5*s + 35 = 5*l - 0. Suppose l = 5*j + 1. Let v(q) = 4*q**3 + q. Give v(j).
5
Let q(x) = x + 3 - 4 - 2*x. Let k(p) = -p**3 + 4*p**2 + 4*p + 2. Suppose 0 = -5*f + 25. Let j be k(f). Calculate q(j).
2
Let a(k) = k**3 + 6*k**2 + 8*k + 3. Suppose 0 = -5*w + 3*i - 14, -37 = 4*w + 4*i - 13. What is a(w)?
3
Let i = 3 + -3. Let a(s) = 3*s + s**2 - 1 + 3*s**2 + i + s**3. Suppose k + 2*x - 5 = 0, 2*k + 5*x = 3*x + 2. Determine a(k).
-1
Suppose -6*a + 2*a = 0. Suppose -3*i - h = -6*i + 97, -5*i + 167 = -3*h. Let x(q) = -i*q + 61*q + 1 - q**2 - 31*q. Give x(a).
1
Let q be (2 - 36/21)/(26/546). Let b(v) = -6*v + 10. Determine b(q).
-26
Let u(f) be the third derivative of f**5/60 - 3*f**4/8 + 3*f**3/2 + f**2 + 9*f. What is u(9)?
9
Let d(n) = 6*n + 2. Let k(g) = 3*g + 2. Let o(h) = -3*d(h) + 4*k(h). What is o(-6)?
38
Let j = 3307 + -3305. Let y(g) = -6*g**2 + 3 + 3*g**2 + 4*g - 6. Give y(j).
-7
Let g(f) = -2 + f**2 + 4*f**2 - 12*f + 17*f - 4*f**2. Calculate g(3).
22
Let t(z) be the third derivative of -1/6*z**3 + 1/24*z**4 + 1/120*z**6 + 0*z**5 - 3*z**2 + 0 + 0*z. Let c = 2 + -2. Give t(c).
-1
Let f be (-6)/15 + (-48)/(-20). Let m be f/((4 - 1)/3). Let z(q) be the first derivative of -q**2 + 2*q + 2. What is z(m)?
-2
Let x(n) = 3*n**2 + 5. Let c(b) = -4*b**2 - 4. Let k(a) = 4*c(a) + 5*x(a). Give k(7).
-40
Let s(m) = 4 - 3*m - 2 - 1. Let i = 329 - 337. Determine s(i).
25
Let q(x) = -10*x - 78. Let o(d) = -15*d - 109. Let m(r) = -5*o(r) + 7*q(r). What is m(4)?
19
Let d(m) = m**3 + m**2 - m - 9. Suppose -25*w + 7*w = 2*w. Determine d(w).
-9
Let r(d) = d**3 - 6*d**2 + 5*d - 7. Suppose -5*y + 19 = -11. Suppose 25 = -n + y*n. What is r(n)?
-7
Let o(w) be the third derivative of w**7/2520 - w**6/240 - 3*w**5/5 + 37*w**2. Let u(q) be the third derivative of o(q). Calculate u(6).
9
Let r(d) = 1. Let i(y) = -2*y + 4. Let l(m) = -i(m) + 3*r(m). What is l(1)?
1
Let i be 0 + 3 + 5 + -6. Let x(r) = -7*r + r - r**i + 10*r. Give x(3).
3
Let y = 2 - -4. Let r(l) = 0 - 2 - l**2 - 5*l + y. Suppose 2*g - 4*i + 154 = 162, -4*i = 20. Calculate r(g).
-2
Let z(n) = -4*n**2 - 2*n + 3. Let l be z(2). Let j = l - -27. Let t(p) = 190*p - p**3 + j*p**2 - 5 - 4*p**2 - 189*p. Give t(6).
1
Let x(p) be the second derivative of p**4/12 + 2*p**3/3 - 3*p**2 + p. Suppose 466 - 516 = 10*r. Determine x(r).
-1
Let f(s) = -469 - 4*s**2 + 468 + 104*s - 103*s. Let m(i) = i**3 - 5*i**2 - 6*i + 1. Let p be m(6). Calculate f(p).
-4
Let h(v) = 3*v**3 + 8*v**2 + 8*v - 6. Let c(x) be the first derivative of -5*x**4/2 - 8*x**3 - 12*x**2 + 17*x + 1. Let l(m) = 2*c(m) + 7*h(m). Calculate l(-7).
-15
Let x(z) be the first derivative of -z**3 - 3*z**2 + 1/12*z**4 - 4*z + 1. Let q(c) be the first derivative of x(c). Determine q(6).
-6
Let d(s) = -2*s + 10. Let m(x) = x**3 + 8*x**2 - 109*x - 49. Let h be m(-15). What is d(h)?
-12
Let g(l) = 4 - 5 + 0 - 570*l + 571*l. Suppose 3*u = 2*u - 6. Give g(u).
-7
Let d(t) = 20*t**2 + 109*t - 41. Let p(l) = -7*l**2 - 38*l + 14. Let s(w) = -6*d(w) - 17*p(w). Give s(-10).
-12
Let w(i) = -2*i**2 - 12*i - 10. Suppose -2*x + 35 = 45. Give w(x).
0
Let g(i) be the third derivative of 0 + 0*i - 2/3*i**3 - 1/120*i**6 + 0*i**4 + 1/20*i**5 + 9*i**2. Determine g(3).
-4
Let b(g) be the third derivative of 1/120*g**6 + 1/24*g**4 - g**3 - 12*g**2 + 0 - 7/60